{"id":20,"date":"2023-05-02T14:59:31","date_gmt":"2023-05-02T17:59:31","guid":{"rendered":"https:\/\/metalplan.com.br\/blog\/?page_id=20"},"modified":"2025-11-24T08:54:19","modified_gmt":"2025-11-24T11:54:19","slug":"home","status":"publish","type":"page","link":"https:\/\/metalplan.com.br\/blog\/","title":{"rendered":"Home"},"content":{"rendered":"\n\n\t\t\t\t<img decoding=\"async\" src=\"https:\/\/metalplan.com.br\/blog\/wp-content\/uploads\/2024\/09\/blog-metalplan.png\" alt=\"blog-metalplan\" itemprop=\"image\" height=\"210\" width=\"465\" title=\"blog-metalplan\" onerror=\"this.style.display='none'\"  \/>\n\t<p>Aqui voc\u00ea tem acesso a conte\u00fados de qualidade sobre gera\u00e7\u00e3o e tratamento de ar comprimido, refrigera\u00e7\u00e3o industrial e gera\u00e7\u00e3o de gases <em>on site<\/em>. Boa leitura!<\/p>\n\t\t\t<a href=\"https:\/\/metalplan.com.br\/blog\/tag\/ar-comprimido\/\" target=\"_self\" role=\"button\">\n\t\t\t\t\t\t\tAr Comprimido\n\t\t\t\t\t<\/a>\n\t\t\t<a href=\"https:\/\/metalplan.com.br\/blog\/chillers\/\" target=\"_self\" role=\"button\">\n\t\t\t\t\t\t\tChillers\n\t\t\t\t\t<\/a>\n\t\t\t<a href=\"https:\/\/metalplan.com.br\/blog\/clima\/\" target=\"_self\" role=\"button\">\n\t\t\t\t\t\t\tClima\n\t\t\t\t\t<\/a>\n\t\t\t<a href=\"https:\/\/metalplan.com.br\/blog\/compressores\/\" target=\"_self\" role=\"button\">\n\t\t\t\t\t\t\tCompressores\n\t\t\t\t\t<\/a>\n<h3>\n\t\tTodas as publica\u00e7\u00f5es\n\t<\/h3>\n\t<h3>Deseja receber n\u00f3ticias e novidades em primeira m\u00e3o?<\/h3>\n\n","protected":false},"excerpt":{"rendered":"<p>Aqui voc\u00ea tem acesso a conte\u00fados de qualidade sobre gera\u00e7\u00e3o e tratamento de ar comprimido, refrigera\u00e7\u00e3o industrial e gera\u00e7\u00e3o de gases on site. Boa leitura! Ar Comprimido Chillers Clima Compressores Todas as publica\u00e7\u00f5es Deseja receber n\u00f3ticias e novidades em primeira m\u00e3o?<\/p>\n","protected":false},"author":1,"featured_media":0,"parent":0,"menu_order":0,"comment_status":"closed","ping_status":"closed","template":"","meta":{"_kad_post_transparent":"","_kad_post_title":"","_kad_post_layout":"","_kad_post_sidebar_id":"","_kad_post_content_style":"","_kad_post_vertical_padding":"","_kad_post_feature":"","_kad_post_feature_position":"","_kad_post_header":false,"_kad_post_footer":false,"_kad_post_classname":"","iawp_total_views":3039,"footnotes":""},"class_list":["post-20","page","type-page","status-publish","hentry"],"jetpack_sharing_enabled":true,"_links":{"self":[{"href":"https:\/\/metalplan.com.br\/blog\/wp-json\/wp\/v2\/pages\/20","targetHints":{"allow":["GET"]}}],"collection":[{"href":"https:\/\/metalplan.com.br\/blog\/wp-json\/wp\/v2\/pages"}],"about":[{"href":"https:\/\/metalplan.com.br\/blog\/wp-json\/wp\/v2\/types\/page"}],"author":[{"embeddable":true,"href":"https:\/\/metalplan.com.br\/blog\/wp-json\/wp\/v2\/users\/1"}],"replies":[{"embeddable":true,"href":"https:\/\/metalplan.com.br\/blog\/wp-json\/wp\/v2\/comments?post=20"}],"version-history":[{"count":49,"href":"https:\/\/metalplan.com.br\/blog\/wp-json\/wp\/v2\/pages\/20\/revisions"}],"predecessor-version":[{"id":45242,"href":"https:\/\/metalplan.com.br\/blog\/wp-json\/wp\/v2\/pages\/20\/revisions\/45242"}],"wp:attachment":[{"href":"https:\/\/metalplan.com.br\/blog\/wp-json\/wp\/v2\/media?parent=20"}],"curies":[{"name":"wp","href":"https:\/\/api.w.org\/{rel}","templated":true}]}}